re the prime factors of 362790056?
2, 59, 768623
List the prime factors of 118044884.
2, 71, 415651
What are the prime factors of 2404318592?
2, 13, 1444903
What are the prime factors of 169178024?
2, 1381, 15313
What are the prime factors of 54987780?
2, 3, 5, 916463
What are the prime factors of 192161966?
2, 96080983
What are the prime factors of 892289279?
7, 79, 1613543
What are the prime factors of 2891046768?
2, 3, 1637, 36793
What are the prime factors of 17145027?
3, 17, 12451
What are the prime factors of 454985778?
2, 3, 13, 1493, 3907
List the prime factors of 111910449.
3, 7, 29, 183761
List the prime factors of 56025301.
56025301
List the prime factors of 354860405.
5, 70972081
What are the prime factors of 3556561665?
3, 5, 237104111
List the prime factors of 92354466.
2, 3, 2039, 7549
What are the prime factors of 100515411?
3, 1240931
List the prime factors of 32677417.
17, 953, 2017
List the prime factors of 60813907.
7, 11, 449, 1759
List the prime factors of 5226805.
5, 19, 37, 1487
What are the prime factors of 277590097?
53, 83, 63103
List the prime factors of 669671950.
2, 5, 197, 67987
List the prime factors of 287157506.
2, 17, 797, 10597
List the prime factors of 193706596.
2, 19, 2548771
What are the prime factors of 3449571652?
2, 197, 4377629
What are the prime factors of 564536277?
3, 20908751
What are the prime factors of 92017061?
92017061
What are the prime factors of 270399362?
2, 23, 5878247
List the prime factors of 878557756.
2, 17, 12919967
List the prime factors of 1169618591.
113, 10350607
What are the prime factors of 2112035271?
3, 1229, 572833
List the prime factors of 5975047205.
5, 17, 70294673
List the prime factors of 40121980.
2, 5, 353, 5683
List the prime factors of 2687161141.
7, 29, 733, 18059
What are the prime factors of 2149947?
3, 238883
What are the prime factors of 2352218452?
2, 673, 873781
List the prime factors of 696267657.
3, 17, 31, 5437
List the prime factors of 375123010.
2, 5, 233, 160997
What are the prime factors of 7692802789?
7, 397, 2768191
List the prime factors of 41444345.
5, 8288869
What are the prime factors of 110581126?
2, 55290563
What are the prime factors of 4477616217?
3, 7793, 63841
List the prime factors of 348195377.
17, 109, 187909
What are the prime factors of 17808005?
5, 863, 4127
What are the prime factors of 20860215?
3, 5, 1390681
List the prime factors of 75641956.
2, 13, 263, 5531
What are the prime factors of 323334314?
2, 5573, 29009
List the prime factors of 61434377.
67, 916931
What are the prime factors of 3098249?
7, 11, 40237
What are the prime factors of 461735979?
3, 31, 4964903
What are the prime factors of 89609263?
19, 769, 6133
List the prime factors of 77669341.
77669341
What are the prime factors of 10862603?
10862603
What are the prime factors of 92450480?
2, 5, 1155631
What are the prime factors of 2230649390?
2, 5, 17, 45403
What are the prime factors of 2391261?
3, 61, 73, 179
List the prime factors of 2133733576.
2, 13, 223, 92003
What are the prime factors of 460851405?
3, 5, 7, 1741, 2521
What are the prime factors of 1724526279?
3, 7, 19, 1440707
What are the prime factors of 1413948042?
2, 3, 13, 19, 227, 467
List the prime factors of 12461702.
2, 11, 566441
List the prime factors of 3980301016.
2, 6173, 80599
List the prime factors of 130089207.
3, 269, 161201
List the prime factors of 16792220.
2, 5, 839611
What are the prime factors of 405828829?
7, 71, 157, 743
What are the prime factors of 661607943?
3, 29, 7604689
What are the prime factors of 117447808?
2, 643, 1427
List the prime factors of 450285792.
2, 3, 11, 426407
List the prime factors of 535802793.
3, 19, 9400049
What are the prime factors of 216710536?
2, 7, 552833
List the prime factors of 1869384260.
2, 5, 17, 5498189
What are the prime factors of 327623360?
2, 5, 313, 3271
List the prime factors of 86444960.
2, 5, 7, 79, 977
List the prime factors of 130234730.
2, 5, 197, 66109
What are the prime factors of 92561618?
2, 6803
List the prime factors of 21386045.
5, 4277209
List the prime factors of 429963972.
2, 3, 263, 136237
List the prime factors of 1384002516.
2, 3, 13, 682447
List the prime factors of 1829207960.
2, 5, 43, 151, 7043
What are the prime factors of 30506585?
5, 17, 358901
List the prime factors of 2024769919.
433, 523, 8941
List the prime factors of 3050613711.
3, 112985693
List the prime factors of 129093995.
5, 61, 423259
What are the prime factors of 224699388?
2, 3, 18724949
What are the prime factors of 296515940?
2, 5, 7, 2117971
List the prime factors of 3820746693.
3, 173, 499, 14753
List the prime factors of 5001150848.
2, 17, 157, 14639
List the prime factors of 51424702.
2, 7, 3673193
What are the prime factors of 69307616?
2, 7, 277, 1117
What are the prime factors of 226767185?
5, 19, 2387023
What are the prime factors of 581482031?
13, 44729387
What are the prime factors of 22480579?
11, 17, 239, 503
List the prime factors of 7882510073.
7882510073
List the prime factors of 33184389.
3, 7, 557, 2837
List the prime factors of 9027337.
11, 19, 47, 919
List the prime factors of 420879696.
2, 3, 8768327
What are the prime factors of 594445005?
3, 5, 7, 11, 23, 7459
List the prime factors of 37186055.
5, 17, 23, 827
What are the prime factors of 1582002006?
2, 3, 13, 2351, 8627
List the prime factors of 1423360389.
3, 11, 683, 5741
What are the prime factors of 75424508?
2, 409, 46103
List the prime factors of 92158660.
2, 5, 11, 31, 13513
What are the prime factors of 695531388?
2, 3, 57960949
List the prime factors of 48337337.
48337337
List the prime factors of 22085779.
22085779
What are the prime factors of 77972879?
77972879
List the prime factors of 1205268858.
2, 3, 37, 401, 4513
What are the prime factors of 226346681?
11, 20576971
List the prime factors of 222083070.
2, 3, 5, 11, 17, 31, 1277
What are the prime factors of 141614806?
2, 70807403
List the prime factors of 959956610.
2, 5, 95995661
What are the prime factors of 1069813397?
1069813397
List the prime factors of 97964141.
11, 163, 4967
List the prime factors of 1320296283.
3, 146699587
List the prime factors of 2570876952.
2, 3, 7, 17, 52951
What are the prime factors of 271434634?
2, 109, 1245113
What are the prime factors of 460862439?
3, 153620813
List the prime factors of 23703603.
3, 7, 11, 107, 137
What are the prime factors of 100214904?
2, 3, 47, 88843
List the prime factors of 80767559.
23, 37, 107, 887
What are the prime factors of 234928307?
43, 929, 5881
What are the prime factors of 364255253?
6551, 55603
List the prime factors of 43405069.
71, 277, 2207
What are the prime factors of 252646819?
19, 79, 281, 599
List the prime factors of 43377242.
2, 21688621
List the prime factors of 122069078.
2, 17, 379, 9473
What are the prime factors of 168019950?
2, 3, 5, 7, 160019
List the prime factors of 1794094385.
5, 71, 83, 60889
List the prime factors of 336281250.
2, 3, 5, 17, 211
What are the prime factors of 1732661344?
2, 523, 103529
What are the prime factors of 5648246?
2, 2824123
List the prime factors of 109222396.
2, 27305599
What are the prime factors of 417422358?
2, 3, 173, 134047
List the prime factors of 4219920291.
3, 31, 45375487
What are the prime factors of 229679604?
2, 3, 7, 11, 71, 389
What are the prime factors of 341013529?
47, 1459, 4973
List the prime factors of 1544235652.
2, 386058913
List the prime factors of 750065846.
2, 2473, 151651
List the prime factors of 105421816.
2, 13177727
List the prime factors of 277993109.
47, 53, 111599
List the prime factors of 98933719.
98933719
List the prime factors of 17949157.
59, 304223
What are the prime factors of 49846149?
3, 1873, 2957
What are the prime factors of 127447800?
2, 3, 5, 311, 683
List the prime factors of 116557033.
211, 552403
List the prime factors of 1786648475.
5, 2027, 35257
What are the prime factors of 688889294?
2, 293, 1175579
What are the prime factors of 3293782821?
3, 7, 52282267
List the prime factors of 2692246421.
191, 1789, 7879
What are the prime factors of 1260091236?
2, 3, 105007603
List the prime factors of 8813360.
2, 5, 41, 2687
What are the prime factors of 534627415?
5, 7, 19, 617, 1303
List the prime factors of 380079103.
380079103
List the p